{"id":14999,"date":"2019-07-11T22:21:57","date_gmt":"2019-07-11T20:21:57","guid":{"rendered":"https:\/\/resivac.eu\/produit\/coffret-cadeau-escapade-sur-la-route-des-vins\/"},"modified":"2026-01-02T23:43:11","modified_gmt":"2026-01-02T22:43:11","slug":"coffret-cadeau-escapade-sur-la-route-des-vins","status":"publish","type":"product","link":"https:\/\/resivac.eu\/de\/produit\/coffret-cadeau-escapade-sur-la-route-des-vins\/","title":{"rendered":"Auf der Weinstra\u00dfe &#8211; 2 N\u00e4chte"},"content":{"rendered":"<p><em>Angebot g\u00fcltig nur nach vorheriger Reservierung und je nach Verf\u00fcgbarkeit. Muss in einem einzigen Aufenthalt genutzt werden und ist nicht erstattbar. Bitte bringen Sie den Gutschein bei der Ankunft mit.<br \/>\n<\/em><\/p>\n<h4 class=\"section-title left\">Ihr Geschenkkoffer umfasst:<\/h4>\n<p>\u2022 2 N\u00e4chte im Doppelzimmer mit Balkon<br \/>\n\u2022 2 Fr\u00fchst\u00fccksbuffets<br \/>\n\u2022 2 Abendessen in einem typischen Restaurant in der Innenstadt (3-G\u00e4nge-Men\u00fc, ohne Getr\u00e4nke)<br \/>\n\u2022 1 Els\u00e4sser Aperitif an der Bar<br \/>\n\u2022 1 Weinverkostung der Weine von Alsace Munsch<\/p>\n<div class=\"section-title-wr\">\n<h4 class=\"section-title left\">Zus\u00e4tzliche Details<\/h4>\n<p>G\u00fcltigkeitstage des Geschenkgutscheins:<br \/>\nMo. Di. Mi.\u00a0Do.\u00a0Fr.\u00a0Sa.\u00a0So.<\/p>\n<\/div>\n<table class=\"table table-bordered table-striped table-hover table-responsive\">\n<tbody>\n<tr>\n<td><strong>G\u00fcltigkeit: <\/strong>12 Monate<strong><br \/>\n<\/strong><\/td>\n<td><strong>Preis:<\/strong> 215 \u20ac\/Person<\/td>\n<td><strong>Einzelzimmer:<\/strong> +40\u20ac\/Tag<\/td>\n<\/tr>\n<tr>\n<td><strong>Hotel:<\/strong> Le Jean S\u00e9bastien Bach<\/td>\n<td><strong>Sterne: <\/strong>\u2606\u2606\u2606\u2606<strong><br \/>\n<\/strong><\/td>\n<td><strong>Stadt: <\/strong>Stra\u00dfburg<strong><br \/>\n<\/strong><\/td>\n<\/tr>\n<tr>\n<td><strong>Parken: <\/strong>Kostenlos<strong><br \/>\n<\/strong><\/td>\n<td><strong>WLAN:<\/strong> Kostenlos<strong><br \/>\n<\/strong><\/td>\n<td><strong>Haustiere erlaubt:<\/strong> Ja<strong><br \/>\n<\/strong><\/td>\n<\/tr>\n<tr>\n<td><strong>Kurtaxe:<\/strong> 2,86\u20ac\/Person pro Tag<\/td>\n<td><strong>Reservierung:<\/strong> (+33) 03 90 41 30 00<\/td>\n<td><\/td>\n<\/tr>\n<\/tbody>\n<\/table>\n<div class=\"section-title-wr\"><\/div>\n<p><i class=\"fa fa-info-circle\"><\/i>Geschenkkoffer: Nicht umtauschbar, nicht erstattbar.<\/p>\n","protected":false},"excerpt":{"rendered":"<p>Dauer: 2 N\u00e4chte \u2013 Preis: 215\u20ac\/Person<br \/>\n2 \u00dcbernachtungen mit Abendessen, Fr\u00fchst\u00fcck, einem els\u00e4ssischen Aperitif an der Bar und einer Weinverkostung von Els\u00e4sser Weinen.<br \/>\n\u2013 Angebot g\u00fcltig f\u00fcr 1\u00a0oder\u00a02\u00a0Personen<\/p>\n","protected":false},"featured_media":15581,"template":"","meta":{"_seopress_robots_primary_cat":"none","_seopress_titles_title":"","_seopress_titles_desc":"","_seopress_robots_index":""},"etheme_brands":[{"term_id":218,"name":"Le Jean S\u00e9bastien Bach","slug":"le-jean-sebastien-bach-de","term_group":0,"term_taxonomy_id":218,"taxonomy":"brand","description":"","parent":0,"count":6,"filter":"raw","order":"0"}],"product_brand":[],"product_cat":[161,169],"product_tag":[200,201,202],"class_list":{"0":"post-14999","1":"product","2":"type-product","3":"status-publish","4":"has-post-thumbnail","6":"brand-le-jean-sebastien-bach-de","7":"product_cat-geschenkbox","8":"product_cat-le-jean-sebastien-bach-de","9":"product_tag-alsace-de","10":"product_tag-sejour-avec-diner-de","11":"product_tag-strasbourg-de","13":"first","14":"instock","15":"taxable","16":"shipping-taxable","17":"product-type-external"},"_links":{"self":[{"href":"https:\/\/resivac.eu\/de\/wp-json\/wp\/v2\/product\/14999","targetHints":{"allow":["GET"]}}],"collection":[{"href":"https:\/\/resivac.eu\/de\/wp-json\/wp\/v2\/product"}],"about":[{"href":"https:\/\/resivac.eu\/de\/wp-json\/wp\/v2\/types\/product"}],"wp:featuredmedia":[{"embeddable":true,"href":"https:\/\/resivac.eu\/de\/wp-json\/wp\/v2\/media\/15581"}],"wp:attachment":[{"href":"https:\/\/resivac.eu\/de\/wp-json\/wp\/v2\/media?parent=14999"}],"wp:term":[{"taxonomy":"brand","embeddable":true,"href":"https:\/\/resivac.eu\/de\/wp-json\/wp\/v2\/etheme_brands?post=14999"},{"taxonomy":"product_brand","embeddable":true,"href":"https:\/\/resivac.eu\/de\/wp-json\/wp\/v2\/product_brand?post=14999"},{"taxonomy":"product_cat","embeddable":true,"href":"https:\/\/resivac.eu\/de\/wp-json\/wp\/v2\/product_cat?post=14999"},{"taxonomy":"product_tag","embeddable":true,"href":"https:\/\/resivac.eu\/de\/wp-json\/wp\/v2\/product_tag?post=14999"}],"curies":[{"name":"wp","href":"https:\/\/api.w.org\/{rel}","templated":true}]}}

Auf der Weinstraße &#8211; 2 Nächte

<p><em>Angebot gültig nur nach vorheriger Reservierung und je nach Verfügbarkeit. Muss in einem einzigen Aufenthalt genutzt werden und ist nicht erstattbar. Bitte bringen Sie den Gutschein bei der Ankunft mit.<br />
</em></p>
<h4 class="section-title left">Ihr Geschenkkoffer umfasst:</h4>
<p>• 2 Nächte im Doppelzimmer mit Balkon<br />
• 2 Frühstücksbuffets<br />
• 2 Abendessen in einem typischen Restaurant in der Innenstadt (3-Gänge-Menü, ohne Getränke)<br />
• 1 Elsässer Aperitif an der Bar<br />
• 1 Weinverkostung der Weine von Alsace Munsch</p>
<div class="section-title-wr">
<h4 class="section-title left">Zusätzliche Details</h4>
<p>Gültigkeitstage des Geschenkgutscheins:<br />
Mo. Di. Mi. Do. Fr. Sa. So.</p>
</div>
<table class="table table-bordered table-striped table-hover table-responsive">
<tbody>
<tr>
<td><strong>Gültigkeit: </strong>12 Monate<strong><br />
</strong></td>
<td><strong>Preis:</strong> 215 €/Person</td>
<td><strong>Einzelzimmer:</strong> +40€/Tag</td>
</tr>
<tr>
<td><strong>Hotel:</strong> Le Jean Sébastien Bach</td>
<td><strong>Sterne: </strong>☆☆☆☆<strong><br />
</strong></td>
<td><strong>Stadt: </strong>Straßburg<strong><br />
</strong></td>
</tr>
<tr>
<td><strong>Parken: </strong>Kostenlos<strong><br />
</strong></td>
<td><strong>WLAN:</strong> Kostenlos<strong><br />
</strong></td>
<td><strong>Haustiere erlaubt:</strong> Ja<strong><br />
</strong></td>
</tr>
<tr>
<td><strong>Kurtaxe:</strong> 2,86€/Person pro Tag</td>
<td><strong>Reservierung:</strong> (+33) 03 90 41 30 00</td>
<td></td>
</tr>
</tbody>
</table>
<div class="section-title-wr"></div>
<p><i class="fa fa-info-circle"></i>Geschenkkoffer: Nicht umtauschbar, nicht erstattbar.</p>

<p>Dauer: 2 Nächte – Preis: 215€/Person<br />
2 Übernachtungen mit Abendessen, Frühstück, einem elsässischen Aperitif an der Bar und einer Weinverkostung von Elsässer Weinen.<br />
– Angebot gültig für 1 oder 2 Personen</p>

Le Jean Sébastien Bach
