{"id":11831,"date":"2019-07-10T20:12:56","date_gmt":"2019-07-10T18:12:56","guid":{"rendered":"https:\/\/resivac.eu\/produit\/escapade-alsacienne-4-nuits\/"},"modified":"2026-01-02T22:41:11","modified_gmt":"2026-01-02T21:41:11","slug":"elsaessischer-aufenthalt-4-naechte","status":"publish","type":"product","link":"https:\/\/resivac.eu\/de\/produit\/elsaessischer-aufenthalt-4-naechte\/","title":{"rendered":"Els\u00e4ssische Auszeit\u00a0\/\u00a04\u00a0N\u00e4chte"},"content":{"rendered":"<p><img decoding=\"async\" class=\"logo-default\" src=\"https:\/\/resivac.eu\/wp-content\/uploads\/2019\/07\/jsbach-300x161-1.png\" alt=\"Le jean S\u00e9bastien Bach\" width=\"263\" height=\"157\" \/><br \/>\n<strong>Hotelresidenz in Stra\u00dfburg im Elsass<br \/>\n<\/strong>Le Jean-S\u00e9bastien Bach ist ideal gelegen, nur wenige Minuten vom historischen Zentrum Stra\u00dfburgs und dem Europ\u00e4ischen Parlament entfernt, direkt gegen\u00fcber dem ber\u00fchmten Parc de l\u2019Orangerie.<\/p>\n<p>\u2606\u2606\u2606\u2606 Studios \u2013 Apartments &amp; Suiten \u2606\u2606\u2606\u2606<br \/>\nVollklimatisierte Apartments und Suiten, die den Komfort eines Vier-Sterne-Hauses bieten, mit einer Ausstattung, die auf Ihre individuellen Bed\u00fcrfnisse ausgelegt ist.<\/p>\n<p>6, boulevard Jean S\u00e9bastien Bach<br \/>\n67000 Stra\u00dfburg, Frankreich<\/p>\n<p>(+33) 03 90 41 30 00<br \/>\nwww.bach-strasbourg.com<\/p>\n<p><a href=\"https:\/\/bach-strasbourg.com\" target=\"_blank\" rel=\"noopener noreferrer\">www.bach-strasbourg.com<\/a><\/p>\n","protected":false},"excerpt":{"rendered":"<p>\u2022 4 N\u00e4chte im einem Doppelzimmer mit Balkon<br \/>\n\u2022 4 Fr\u00fchst\u00fccksbuffet<br \/>\n\u2022 4 Abendessen im Stadtzentrum (3 G\u00e4nge Menu &#8211; ohne Getr\u00e4nke)<br \/>\n\u2022 1 Weinverkostung beim Winzer Alsace Musch<br \/>\n\u2022 1 Willkommensgetr\u00e4nk<\/p>\n<p><span style=\"color: #991e4b\">Preis: ab 309\u20ac\/person<\/span><\/p>\n","protected":false},"featured_media":15072,"template":"","meta":{"_seopress_robots_primary_cat":"none","_seopress_titles_title":"","_seopress_titles_desc":"","_seopress_robots_index":""},"etheme_brands":[{"term_id":218,"name":"Le Jean S\u00e9bastien Bach","slug":"le-jean-sebastien-bach-de","term_group":0,"term_taxonomy_id":218,"taxonomy":"brand","description":"","parent":0,"count":6,"filter":"raw","order":"0"}],"product_brand":[],"product_cat":[179,159],"product_tag":[200,201,202],"class_list":{"0":"post-11831","1":"product","2":"type-product","3":"status-publish","4":"has-post-thumbnail","6":"brand-le-jean-sebastien-bach-de","7":"product_cat-le-jean-sebastien-bach-de-2","8":"product_cat-sonderangebote","9":"product_tag-alsace-de","10":"product_tag-sejour-avec-diner-de","11":"product_tag-strasbourg-de","13":"first","14":"instock","15":"taxable","16":"shipping-taxable","17":"product-type-external"},"_links":{"self":[{"href":"https:\/\/resivac.eu\/de\/wp-json\/wp\/v2\/product\/11831","targetHints":{"allow":["GET"]}}],"collection":[{"href":"https:\/\/resivac.eu\/de\/wp-json\/wp\/v2\/product"}],"about":[{"href":"https:\/\/resivac.eu\/de\/wp-json\/wp\/v2\/types\/product"}],"wp:featuredmedia":[{"embeddable":true,"href":"https:\/\/resivac.eu\/de\/wp-json\/wp\/v2\/media\/15072"}],"wp:attachment":[{"href":"https:\/\/resivac.eu\/de\/wp-json\/wp\/v2\/media?parent=11831"}],"wp:term":[{"taxonomy":"brand","embeddable":true,"href":"https:\/\/resivac.eu\/de\/wp-json\/wp\/v2\/etheme_brands?post=11831"},{"taxonomy":"product_brand","embeddable":true,"href":"https:\/\/resivac.eu\/de\/wp-json\/wp\/v2\/product_brand?post=11831"},{"taxonomy":"product_cat","embeddable":true,"href":"https:\/\/resivac.eu\/de\/wp-json\/wp\/v2\/product_cat?post=11831"},{"taxonomy":"product_tag","embeddable":true,"href":"https:\/\/resivac.eu\/de\/wp-json\/wp\/v2\/product_tag?post=11831"}],"curies":[{"name":"wp","href":"https:\/\/api.w.org\/{rel}","templated":true}]}}

Elsässische Auszeit / 4 Nächte

<p><img decoding="async" class="logo-default" src="https://resivac.eu/wp-content/uploads/2019/07/jsbach-300x161-1.png" alt="Le jean Sébastien Bach" width="263" height="157" /><br />
<strong>Hotelresidenz in Straßburg im Elsass<br />
</strong>Le Jean-Sébastien Bach ist ideal gelegen, nur wenige Minuten vom historischen Zentrum Straßburgs und dem Europäischen Parlament entfernt, direkt gegenüber dem berühmten Parc de l’Orangerie.</p>
<p>☆☆☆☆ Studios – Apartments &amp; Suiten ☆☆☆☆<br />
Vollklimatisierte Apartments und Suiten, die den Komfort eines Vier-Sterne-Hauses bieten, mit einer Ausstattung, die auf Ihre individuellen Bedürfnisse ausgelegt ist.</p>
<p>6, boulevard Jean Sébastien Bach<br />
67000 Straßburg, Frankreich</p>
<p>(+33) 03 90 41 30 00<br />
www.bach-strasbourg.com</p>
<p><a href="https://bach-strasbourg.com" target="_blank" rel="noopener noreferrer">www.bach-strasbourg.com</a></p>

<p>• 4 Nächte im einem Doppelzimmer mit Balkon<br />
• 4 Frühstücksbuffet<br />
• 4 Abendessen im Stadtzentrum (3 Gänge Menu &#8211; ohne Getränke)<br />
• 1 Weinverkostung beim Winzer Alsace Musch<br />
• 1 Willkommensgetränk</p>
<p><span style="color: #991e4b">Preis: ab 309€/person</span></p>

Le Jean Sébastien Bach
